alculate the highest common divisor of 8769 and 1084211.
37
Calculate the greatest common divisor of 8145340 and 73.
73
Calculate the greatest common divisor of 26694 and 90.
18
Calculate the greatest common factor of 124672 and 526080.
256
What is the greatest common divisor of 4124007 and 4023?
27
What is the highest common factor of 1164 and 143981?
1
Calculate the greatest common factor of 536 and 6477292.
268
What is the highest common factor of 1443 and 12407691?
111
What is the greatest common divisor of 424 and 150324059?
53
What is the greatest common divisor of 29440 and 475180?
460
Calculate the greatest common factor of 49097 and 941308.
1693
What is the greatest common factor of 30456097 and 47411?
3647
Calculate the greatest common divisor of 1273996 and 10001.
73
Calculate the highest common factor of 169194 and 6019362.
1038
Calculate the highest common factor of 990 and 1107690.
30
Calculate the greatest common factor of 70350 and 145320.
210
Calculate the highest common divisor of 947095 and 151165.
3085
What is the greatest common divisor of 198612 and 1223548?
2452
Calculate the highest common factor of 45411730 and 4655.
245
What is the greatest common divisor of 342 and 16144794?
342
What is the greatest common divisor of 11771439 and 7356?
1839
Calculate the highest common factor of 22 and 29413087.
11
Calculate the greatest common factor of 9061 and 76687.
221
What is the highest common divisor of 560 and 47367824?
112
What is the greatest common divisor of 1144 and 4830137?
13
Calculate the highest common factor of 1340314 and 748.
34
Calculate the highest common divisor of 10 and 84724270.
10
What is the highest common factor of 15475278 and 1911?
1911
Calculate the highest common factor of 695982 and 4669.
7
What is the highest common divisor of 279549 and 414263?
349
Calculate the highest common factor of 325 and 52.
13
What is the highest common factor of 7742024 and 40?
8
Calculate the highest common factor of 45632 and 237503152.
11408
What is the highest common factor of 2036 and 19160287?
509
Calculate the greatest common divisor of 244508 and 9614.
22
Calculate the highest common divisor of 42390 and 2083590.
270
What is the greatest common divisor of 2622 and 69650808?
2622
What is the greatest common factor of 7 and 22647324?
7
Calculate the greatest common factor of 74088 and 8808408.
504
What is the highest common factor of 437 and 33227751?
19
Calculate the highest common factor of 2484 and 287916.
12
What is the highest common divisor of 23357775 and 525?
525
What is the greatest common factor of 34481 and 515533?
841
What is the highest common factor of 987 and 23860767?
21
What is the greatest common factor of 61664 and 1547668?
164
What is the highest common divisor of 151734639 and 408?
51
What is the highest common divisor of 395160 and 232824?
2136
What is the greatest common divisor of 61 and 41669?
1
Calculate the highest common factor of 411 and 87421755.
411
Calculate the greatest common divisor of 6019 and 602363.
463
Calculate the highest common factor of 166000 and 1756880.
80
Calculate the greatest common factor of 725679 and 266166.
2511
What is the highest common divisor of 655 and 11251459?
131
What is the highest common factor of 1120 and 190384480?
160
Calculate the highest common factor of 40204755 and 135.
135
Calculate the greatest common divisor of 405 and 45501345.
405
What is the greatest common factor of 313677002 and 2279?
2279
What is the greatest common factor of 1330 and 6638410?
190
What is the greatest common factor of 30479946 and 255?
51
Calculate the highest common divisor of 9105768 and 14.
14
Calculate the greatest common divisor of 2769 and 74012601.
2769
Calculate the highest common divisor of 2472 and 10720961.
103
What is the greatest common divisor of 494 and 12348271?
247
Calculate the highest common factor of 362311 and 59375.
19
Calculate the greatest common factor of 31178848 and 9747.
361
What is the greatest common factor of 4 and 62349788?
4
What is the highest common divisor of 669 and 173379601?
223
Calculate the highest common divisor of 380857 and 3997.
571
Calculate the highest common divisor of 5911715 and 15.
5
Calculate the greatest common factor of 6510 and 5013258.
186
Calculate the highest common divisor of 526040 and 26000.
40
Calculate the highest common divisor of 7637 and 2800.
7
Calculate the greatest common divisor of 74288 and 251070225.
4643
What is the greatest common divisor of 84910 and 370?
10
What is the greatest common factor of 147779931 and 13221?
4407
What is the greatest common divisor of 7427888 and 532784?
1072
Calculate the highest common divisor of 75781756 and 9084.
3028
Calculate the highest common factor of 308 and 50733683.
77
Calculate the greatest common factor of 44 and 213201296.
44
Calculate the greatest common factor of 1813345 and 5.
5
What is the greatest common factor of 4395 and 26802645?
15
Calculate the greatest common factor of 860812413 and 1578.
789
What is the greatest common factor of 290 and 538617145?
145
Calculate the greatest common divisor of 1629452 and 2497132.
1276
What is the highest common factor of 321503782 and 282?
94
Calculate the greatest common divisor of 192698363 and 7436.
1859
Calculate the highest common factor of 121651 and 2175617.
239
What is the highest common divisor of 199 and 360841128?
199
What is the highest common factor of 168 and 2390689?
7
Calculate the highest common divisor of 85410 and 14278680.
1170
Calculate the greatest common divisor of 122622958 and 37.
37
What is the greatest common divisor of 94 and 849234?
2
Calculate the highest common factor of 61103 and 3073.
7
What is the greatest common divisor of 837 and 80388549?
279
Calculate the highest common divisor of 326 and 217300.
2
Calculate the highest common divisor of 1615 and 169617085.
95
What is the greatest common factor of 2171903 and 4196705?
8653
Calculate the greatest common divisor of 2207 and 1121837963.
2207
Calculate the greatest common divisor of 500821376 and 22.
22
Calculate the greatest common factor of 3890037 and 24.
3
Calculate the greatest common divisor of 95908148 and 84.
28
What is the highest common divisor of 4808 and 950232?
8
Calculate the highest common factor of 28213910 and 64568.
2306
Calculate the highest common divisor of 259873 and 1271.
31
What is the highest common divisor of 7092 and 1177863?
591
What is the highest common factor of 6340061 and 1417507?
3367
Calculate the highest common divisor of 12841123 and 2455.
491
Calculate the highest common factor of 48600 and 13214925.
225
What is the highest common divisor of 9 and 102392271?
9
What is the greatest common factor of 9 and 130488819?
3
Calculate the greatest common factor of 735 and 19759348.
49
What is the highest common factor of 1778273 and 112?
7
What is the highest common divisor of 2790 and 3188?
2
What is the highest common factor of 3674 and 368742847?
1837
Calculate the highest common factor of 447776 and 1736.
56
What is the highest common divisor of 3771 and 29243267?
419
What is the highest common divisor of 308882 and 574?
14
What is the greatest common divisor of 106763 and 658171?
241
What is the highest common factor of 30 and 235815885?
15
What is the highest common factor of 48704164 and 12468?
4156
Calculate the greatest common factor of 149680 and 44.
4
What is the highest common divisor of 33525 and 8876079?
1341
Calculate the greatest common divisor of 288 and 96843744.
288
Calculate the greatest common factor of 81 and 5179323.
3
Calculate the greatest common factor of 13507 and 27196.
13
What is the highest common divisor of 116040306 and 3516?
1758
Calculate the highest common factor of 49686 and 60106371.
507
Calculate the greatest common factor of 797 and 193744324.
797
What is the highest common divisor of 1586808 and 72?
72
What is the highest common divisor of 69311185 and 8180?
2045
What is the greatest common divisor of 1165730 and 620?
10
Calculate the highest common divisor of 21 and 11038832.
7
What is the highest common divisor of 343392903 and 9?
9
Calculate the highest common divisor of 1146240 and 792020.
3980
Calculate the highest common divisor of 97927000 and 600.
200